ose 5 = 3*j - 4. Suppose -j*v + 27 = -0*v. What is the remainder when 20 is divided by v + (-1 - -1) + 2?
9
Let s(y) = -y + 54. What is the remainder when 99 is divided by s(4)?
49
Let a = -1 - -5. Suppose -3*q + a*m = -90, 4*q + m = 6*m + 121. What is the remainder when q is divided by 18?
16
Suppose -2*n = -7*n + 90. What is the remainder when 69 is divided by n?
15
Let n be 654/18 + (-2)/(-3). Let y = n - 26. Calculate the remainder when 21 is divided by y.
10
Suppose l + 2 = 47. Calculate the remainder when l is divided by 24.
21
Let u = 6 + -6. Suppose -t + 0 + 3 = u. Calculate the remainder when t is divided by 3.
0
Suppose -3*l - 417 = -6*l - 5*b, -3*l + 399 = -b. Calculate the remainder when l is divided by (-1 + 0)/(1/(-37)) - 3.
32
Suppose 0 = 3*d - 2*p - 23, p = -5*d + 6*d - 6. Calculate the remainder when d is divided by 5.
1
Let d = -6 - -10. Let x(s) = -s**3 + 4*s**2 + 4*s + 2. Let k be x(d). Let j = k - 3. What is the remainder when 43 is divided by j?
13
Let v(p) = -2*p**3 + 3*p**2 - p + 5. Calculate the remainder when v(-4) is divided by 31.
30
Let o(r) = 3*r**2 - 6*r + 13. Calculate the remainder when 71 is divided by o(4).
34
Suppose 19*o + 1 = 1046. Calculate the remainder when 163 is divided by o.
53
Let i be (-1)/(-1 - 0)*3. Let y(t) be the first derivative of -t**3/3 + 3*t**2/2 + 2*t + 2. Calculate the remainder when y(i) is divided by 2.
0
Suppose -u + 4*l + 4 = l, -4*u - 3*l + 46 = 0. Calculate the remainder when 29 is divided by u.
9
Let z = 8 - 4. Suppose 0 = -4*b + b + 21. What is the remainder when b is divided by z?
3
Let s = 0 - -4. Let r = s + 1. Let d(x) = -x**2 + 10*x + 5. Calculate the remainder when d(9) is divided by r.
4
Suppose 8*o - 108 - 180 = 0. What is the remainder when 71 is divided by o?
35
Let g = 3 + 21. What is the remainder when g is divided by 1/(-3 - 120/(-39))?
11
Let w(y) = y**3 + 2*y**2 - 3*y + 4. Let t be w(-3). Suppose -a = -6 - t. Calculate the remainder when 19 is divided by a.
9
Suppose 0 = 4*w + 2*a - 52, 6 = -3*w - 2*a + 45. Suppose 0 = -5*l - 37 + 287. What is the remainder when l is divided by w?
11
Suppose -w - w + 28 = -4*q, -2*q = 5*w - 10. Let d(f) = f**2 + 5*f + 5. Let x be d(q). Suppose x*h = h + 16. Calculate the remainder when 10 is divided by h.
2
Suppose -5*s + 21 = 4*f, -4*f - s - 2*s + 19 = 0. Suppose f*q = 5*q - 18. Let r(w) = -10*w. What is the remainder when q is divided by r(-1)?
8
Suppose -5*s - 3*r = -0*s - 40, -r + 5 = 0. Suppose -4 = 3*b + s. What is the remainder when (-55)/b - 14/(-21) is divided by 10?
9
Let d(b) = b - 1. Let f be d(-4). Let r(n) = n**2 + 5*n + 6. What is the remainder when 22 is divided by r(f)?
4
Suppose o - 4*x = -6, o - 2*x + 3 = 1. Suppose 3*r + o*r - 295 = 0. Calculate the remainder when r is divided by 15.
14
Suppose -2*t + 15 = -3*c - 1, 0 = 4*c - 8. What is the remainder when 26 is divided by t?
4
Let t(w) = -w**2 + 4*w + 3. Let o be t(8). Let a = o - -64. Calculate the remainder when a is divided by 12.
11
Calculate the remainder when 20 is divided by -2*(0 + (-6)/1).
8
Suppose 5*j + 3*m = -0*j + 7, -4*j = 4*m - 4. Let c = j - -30. Calculate the remainder when c is divided by 1/(-2) + 23/2.
10
Let t(n) = -n**2 + 12*n - 11. Calculate the remainder when t(5) is divided by 13.
11
Suppose 0 = 5*o + 5*d - 85, 4*o + 0*d = d + 73. What is the remainder when 35 is divided by o?
17
Let n = 0 + 2. What is the remainder when 993/27 + n/9 is divided by ((-3)/6)/(-1)*26?
11
Let q = -3 - -6. Suppose 4*f + 34 - 1 = 3*z, 2*z - q*f = 23. Calculate the remainder when 20 is divided by z.
6
Let d(v) = -2*v - 9. Let j(w) = 1. Let z(n) = d(n) + 4*j(n). What is the remainder when z(-5) is divided by (-2)/(-3)*(-4 + 7)?
1
Let r(w) = 3*w + 21. What is the remainder when 76 is divided by r(6)?
37
Let g(r) = -3*r - 2. Suppose -o = 4*x + 5, 5*x + 2 + 11 = o. Let q = -8 + 19. What is the remainder when q is divided by g(x)?
3
Let c = 43 - 31. What is the remainder when 23 is divided by c?
11
Let a(x) = 45*x**2. What is the remainder when a(-1) is divided by 24?
21
Let o = 4 + -1. Suppose -3*r + u - 6 = -4*r, 3*u = r - 10. What is the remainder when (-19)/(-3)*1*o is divided by r?
5
Suppose -5*s = -5*o - 230, 6*s + 3*o - 262 = s. Suppose 0 = a - 2*n - 6 - 7, -5*n = 2*a - 26. What is the remainder when s is divided by a?
11
What is the remainder when 4/(-14) + (-1156)/(-28) is divided by (-22)/(-10)*(-4)/(-8)*10?
8
Calculate the remainder when 44 is divided by (10/(-4))/((-4)/24).
14
Let d = -24 + 7. Let k = 28 + d. Suppose -a - 4*a + 100 = 0. What is the remainder when a is divided by k?
9
Suppose 0 = -3*f - 2*b + 53, -5*f - 4*b + 2 + 83 = 0. Suppose -w + 3*s = -2*w + 2, -5*w + 46 = 3*s. Calculate the remainder when f is divided by w.
10
Let r(j) = -j**3 + 5*j**2. Let m(h) = -3*h**3 + h**2 - 1. Let s be m(-1). What is the remainder when 70 is divided by r(s)?
16
Calculate the remainder when 81 is divided by 54/2 + (-10 - -11).
25
Suppose 4*t - 9 = 3. Let s = t - -4. Calculate the remainder when 12 is divided by s.
5
Suppose -34 = -4*q + 2*r, 47 = 5*q - r - 0*r. Let v(k) = -7*k + 9*k + 0*k + 5*k**2 + k**2 + k**3 + 4. Calculate the remainder when v(-4) is divided by q.
8
Suppose -2*z - 6 = -2*h, -3*h - z + 14 = 1. What is the remainder when (-2 - h)*(-13)/2 is divided by 10?
9
Let q = -53 - -80. Suppose 5*j = q + 88. Calculate the remainder when j is divided by 12.
11
Let j = 3 + -1. What is the remainder when 15 is divided by 0 - ((j - 4) + -4)?
3
Suppose 2*p - 22 = -3*y, -5*p + 4*y + 76 = y. What is the remainder when 24 is divided by p?
10
Suppose -2*n + 62 = -0*n. What is the remainder when n is divided by 7?
3
Let y(h) = 4*h - 3. What is the remainder when y(6) is divided by 5?
1
Let u(m) = 1 + 0*m - 5*m**2 - m**3 + 0 + 0*m + 5*m. What is the remainder when u(-6) is divided by 4?
3
Suppose -6 = -g - 2. Calculate the remainder when g is divided by 3.
1
Let a = 105 - 74. Calculate the remainder when a is divided by 8.
7
Suppose -3*d + 42 = -45. Suppose -w = 3*k - d, k - 14 = 2*w + 5. Suppose -r + k = -3. What is the remainder when 40 is divided by r?
12
Suppose 0 = -v + 5*a + 11, 3*v - 17 - 16 = 2*a. Calculate the remainder when v is divided by 6.
5
Suppose -109 - 38 = -7*q. Calculate the remainder when q is divided by 9.
3
Let r = 3 - 2. Let g = -3 + 11. Calculate the remainder when -4 + r + -1 + 27 is divided by g.
7
Let p(f) = -2*f + 7. Let r = -33 + 64. Suppose c - r = 30. What is the remainder when c is divided by p(-7)?
19
What is the remainder when 55 is divided by 2 + 9 + 16/4?
10
Suppose 19 + 16 = 5*s. Suppose b = 14 - s. Let i = 6 - -7. Calculate the remainder when i is divided by b.
6
Let d(l) = -3*l - 5 + 6*l**2 + 1 - 4*l**2 + 0*l. Calculate the remainder when 18 is divided by d(3).
3
Suppose -113 = -9*i + 157. Let j(c) = 17*c**3 - c**2 - c + 1. What is the remainder when i is divided by j(1)?
14
Suppose 0 = -0*r + 2*r - 22. Suppose -12 = -3*z - z. Suppose 0 = -z*y + 15, y + 3*y + 4 = 4*u. What is the remainder when r is divided by u?
5
Let i(v) = v**2 - 6*v + 3. Let f be i(6). Suppose f*q + 4 = 10. Suppose 33 = q*b + b. What is the remainder when 31 is divided by b?
9
What is the remainder when 79 is divided by (9 + -6)*60/9?
19
Let a(u) = -u**3 - 10*u**2 - 13*u - 7. What is the remainder when 85 is divided by a(-9)?
27
Suppose 60 = 6*o - 3*o. What is the remainder when o is divided by 11?
9
Let w be (-10)/35 - 312/(-14). Let v = 32 - w. What is the remainder when 28 is divided by v?
8
Suppose -t - 2*x + 0*x + 20 = 0, -x + 5 = 0. Calculate the remainder when 47 is divided by t.
7
Let t(z) = 4*z**3 + z**2 + 2*z + 1. Let c be t(2). Suppose 0 = -4*k + 20, 3*s + 0*s - c = -4*k. What is the remainder when 20 is divided by s?
6
Suppose 2 + 4 = 3*n. What is the remainder when 52 is divided by 16 + (7 - n) + -3?
16
Suppose 0 = -5*f + h + h + 14, -f - h = 0. Let y(u) = u + f*u + 7*u + 2*u - 2. What is the remainder when y(2) is divided by 8?
6
Suppose -9 - 1 = -5*k. Calculate the remainder when k is divided by 2.
0
Let c = -89 + 34. Let j = 77 + c. Calculate the remainder when 63 is divided by j.
19
Let w(l) = l**3 - 3*l**2 - l - 4. Let t be (-2)/(-3)*-2*3. Calculate the remainder when t/(-24) + (-137)/(-6) is divided by w(4).
7
Let t = 1 + 1. Suppose